34. What is the remainder when q is divided by 23?
20
Suppose 5*j - 48 = 4*t, -t - 3*j - 12 = -6*j. Let c(w) = -w + 14. What is the remainder when 76 is divided by c(t)?
24
Let h = 206 - 126. Calculate the remainder when h is divided by 23.
11
Let u = -67 - -97. Suppose -10 = -4*z + 22. Calculate the remainder when (-6 - 0)/((-12)/u) is divided by z.
7
Suppose 4*d = q + 48, 27 = -d + 2*d - 4*q. Let w be 10/35 + 68/7. What is the remainder when (-3)/(-15) + 428/w is divided by d?
10
Suppose 3*j + 5*g - 17 = -j, -10 = -2*j - 4*g. Suppose -2*n = -6, j*f - n = 4*f - 7. Calculate the remainder when 7 is divided by f.
3
Let z = -17 - -30. Suppose -1 = 2*f - 61. Suppose z = -l + f. What is the remainder when l is divided by 6?
5
Let i(w) = -3*w + 14. Let s(q) = -q. Let h be s(-2). Suppose 0 = h*o - 4*o - 4*y + 4, 0 = -o + y + 17. What is the remainder when i(-7) is divided by o?
11
Suppose 3*c = 5*m + 67, 4*m - 48 = -5*c + 2. Let l(y) = -y**3 + 8*y**2 - 3*y. What is the remainder when l(6) is divided by c?
12
Suppose 2*p + 0*t - 114 = 4*t, 4*p = -4*t + 228. What is the remainder when 282 is divided by p?
54
Let b(k) = k**2 + 4*k + 2. Let r be b(-6). Let v = -11 + r. Calculate the remainder when 14 is divided by v.
2
Let g = 6 + 9. Calculate the remainder when 2*22 + 0/(-3) is divided by g.
14
Let c(d) = -2*d**3 - 7*d**2 - 5. What is the remainder when c(-5) is divided by 24?
22
Suppose 110 = 7*x - 2*x. Let b be 4*(-1)/4*-2. Suppose -b*h - 2*h = -256. What is the remainder when h is divided by x?
20
Suppose -2*n = 2*n - 28. What is the remainder when n is divided by 5?
2
Suppose 4*a = 8*a - 60. Calculate the remainder when 27 is divided by a.
12
Let m = -4 - -8. What is the remainder when m is divided by (-1)/(2/10) + 6?
0
Let p be 10*(-2)/(-8)*2. Suppose 9*b = 4*b + 5*t + 25, b = 3*t + p. Suppose s - 4 - 4 = 0. Calculate the remainder when s is divided by b.
3
Let a = -24 + 33. What is the remainder when 24 is divided by a?
6
What is the remainder when (1 - 28/(-3)) + (-14)/(-21) is divided by -1*(-5 - (-3 - -1))?
2
Suppose 0 = 2*b + 28 - 88. Calculate the remainder when b is divided by 16.
14
Suppose -2*t - 5*q + 202 = 0, 0 = 5*t - 2*q - 141 - 335. Calculate the remainder when t is divided by 25.
21
Let x be -12*(1 + 10/(-6)). Suppose -24 = -4*h + x. Let t = -24 - -38. Calculate the remainder when t is divided by h.
6
Suppose -6*o + 2*o = -592. What is the remainder when o is divided by 30?
28
Suppose -32 - 28 = -4*b. Suppose -4*t + 76 + 28 = 2*o, -3*o = 5*t - 152. Calculate the remainder when o is divided by b.
14
Let u(q) = q - 6. Let w be u(8). Suppose 0 = -2*v + r - w*r + 5, 4*r = 20. Suppose v*s + s - 13 = 0. What is the remainder when 37 is divided by s?
11
Let x(f) = 5*f - 18. Let o be x(6). Let h = -1 + 3. Suppose m + h*m = o. Calculate the remainder when 11 is divided by m.
3
Let t(y) = y**2 + 4*y + 5. Calculate the remainder when 46 is divided by t(-6).
12
Let r(w) = w + 3. Suppose -4*o + 16 = -48. What is the remainder when o is divided by r(6)?
7
Suppose 6*f - 7*f + 30 = 0. Let u(s) = -s**3 + 3*s**2 + 3*s - 1. What is the remainder when f is divided by u(3)?
6
Let p = -3 - -14. Let h(g) = g**2 + 2*g - 3. Let s be h(-5). Let b = s - 8. Calculate the remainder when p is divided by b.
3
Let z(b) = -6*b + 85. Calculate the remainder when z(12) is divided by 7.
6
Let o(b) = 3*b**3 + 2*b**2 + b. Let q be o(-1). Let z = -6 - q. What is the remainder when 33/7 - z/14 is divided by 2?
1
Let m = -80 + 98. Calculate the remainder when 52 is divided by m.
16
Let b = 29 - 3. What is the remainder when b is divided by -1 - (-20)/8*4?
8
Let u be 1314/15 + (-6)/(-15). Suppose 5*o = -j + 101, -3*o - o + j + u = 0. What is the remainder when 26 is divided by 0 - (o*2)/(-3)?
12
Calculate the remainder when (-1737)/(-21) + 6/21 is divided by 17.
15
Let i = -3 - -9. Let r(g) = 5*g**2 + 3*g + 2. Let o be (-6*(-6)/9)/(-2). What is the remainder when r(o) is divided by i?
4
What is the remainder when 18/1*42/28 is divided by (-4)/(4/(-15)) - 1?
13
Let p = 179 - 139. What is the remainder when 119 is divided by p?
39
Let d = 90 - -33. Suppose -c - 3*n + 29 = -0*n, 4*c + 5*n = d. Suppose -j = j - c. What is the remainder when 31 is divided by j?
15
Suppose 4*c = 10*c - 24. Calculate the remainder when 12 is divided by c.
0
Let l(a) = 5*a**3 - a**2 + a. Calculate the remainder when (-2)/(-4)*10 - -3 is divided by l(1).
3
Suppose -11 = -4*m + 2*m + 3*v, -3*m + 18 = -4*v. Suppose -t + 39 = -0*t. What is the remainder when t is divided by m?
9
Suppose 5*k - 65 = 4*u, 3*u + u + 52 = 4*k. Calculate the remainder when 47 is divided by k.
8
Let n(p) = p + 9. Let u be n(-4). Calculate the remainder when 6 is divided by 3/(((-45)/(-6))/u).
0
Let b(u) = u - 2. Let g(c) = c**2 - 5*c - 5. Let k = 4 - -2. What is the remainder when b(3) is divided by g(k)?
0
Suppose -10*c - 918 = -13*c. Suppose 2*v - m = 110, -5*v - m - 45 = -c. Calculate the remainder when v is divided by 14.
11
Suppose -6 - 12 = -3*w. Suppose -5*x + w*v - v = -40, -2*x = 4*v + 8. Suppose 2*s = -x*m + 26, 0*s + s + 5*m = 16. What is the remainder when s is divided by 4?
3
Suppose 12 = 5*l - 38. Let d(o) = -12*o + 39. Calculate the remainder when l is divided by d(3).
1
What is the remainder when 74 is divided by 15 - (-9)/3 - 2?
10
What is the remainder when 54 is divided by 11 + -2 + -1 - -3?
10
Calculate the remainder when 67 is divided by 4*7/(-6)*-3.
11
Suppose -5*x = 4*b - 92, 3*b = 3*x - 57 - 9. Suppose 5*d - 25 = -3*w, 4*d - 4*w = -8*w + x. What is the remainder when 4*d - (-1 - 1) is divided by 8?
6
Suppose -2*a + 22 = -4*h, 0 = 2*a - 0*a - 5*h - 22. What is the remainder when 19 is divided by a?
8
Let a = 1 + 9. Let s(i) = 4*i**2 - i + 4. What is the remainder when s(2) is divided by a?
8
Let k = -42 - -72. Let n = -21 - -20. Let h = 15 - n. What is the remainder when k is divided by h?
14
Let u be 52/10 + (-2)/10. Suppose 10 = -3*p + u*p. What is the remainder when 9 is divided by p?
4
Let h(n) = 0*n + n**3 - n + 0*n**2 + 0*n**2 + 1 + 2*n**2. What is the remainder when 3 is divided by h(-2)?
0
Suppose u = -3*u + 52. Calculate the remainder when 50 is divided by u.
11
Let r(m) = 6*m**2 - 3*m + 2. Let s(u) be the first derivative of u**3 - u - 4. Let l be s(-1). What is the remainder when r(l) is divided by 7?
6
Let a(x) = -6*x**3 + 15*x**2 - 3*x + 10. Let n(r) = 5*r**3 - 14*r**2 + 3*r - 10. Let z(b) = 4*a(b) + 5*n(b). What is the remainder when z(10) is divided by 7?
6
Let i be 4/(-3)*9/(-6). Suppose 16 = -i*o + 42. What is the remainder when o is divided by -1 + (8 - (2 + -2))?
6
Let p = 252 - 241. Let t(j) = -j + 31. What is the remainder when t(0) is divided by p?
9
Calculate the remainder when (-12)/(-15) - (0 + 436/(-5)) is divided by 18.
16
Suppose 3*m = m - 6, -3*q = -m - 9. Calculate the remainder when 10 is divided by q.
0
Let c = 27 + -14. Let q(t) = -1 - t + 7*t - 2*t + 2. Calculate the remainder when c is divided by q(1).
3
Let o(l) = l**2 - 5*l - 10. Suppose 0 = -8*f + 3*f - 20. Calculate the remainder when o(f) is divided by 9.
8
Suppose 0*f - 3*f = -6. Let x(i) = -2 + f*i + 2 + 3 + i. Calculate the remainder when 23 is divided by x(3).
11
Suppose -8*r + 5*r + 18 = 0. What is the remainder when r is divided by 2?
0
Suppose -3*j + 476 = 3*y - y, -y + 4*j + 227 = 0. Suppose 0 = 5*n + 10 - y. What is the remainder when n is divided by 16?
13
Suppose -3*p - 35 = -2*o - 4*p, 4*p = o + 5. Calculate the remainder when o is divided by 6.
3
Suppose 3*i = 3*u - 84, -u = -5*i + 3*i - 25. Let l = -35 - -51. What is the remainder when u is divided by l?
15
Let b(q) = -2*q + 9. Let y be b(5). Calculate the remainder when 30 is divided by -2 - (-54)/((-3)/y).
14
Let o = 91 + -50. Let u(m) = -8*m**2 - 2*m - 1. Let i(t) = 17*t**2 + 4*t + 2. Let y(l) = -2*i(l) - 5*u(l). What is the remainder when o is divided by y(-2)?
20
Let r(q) = q**2 + 9*q + 7. Suppose -2 = -5*t - 57. Let u = 2 + t. What is the remainder when 20 is divided by r(u)?
6
Suppose 5*s - 172 = -62. Let n = s - 11. What is the remainder when 42 is divided by n?
9
Let b = 312 - 305. Let o(r) = 3*r**2 + 5*r - 1. Calculate the remainder when o(-4) is divided by b.
6
Let p be 79/2 - (-1)/2. Suppose f - q - 10 = 0, 3*q = -4*f - 2*q + p. What